{"id":11,"date":"2022-03-26T17:16:50","date_gmt":"2022-03-26T16:16:50","guid":{"rendered":"http:\/\/192.168.178.55\/?page_id=11"},"modified":"2022-03-26T17:16:50","modified_gmt":"2022-03-26T16:16:50","slug":"haeufige-fragen","status":"publish","type":"page","link":"http:\/\/judoteam-erolzheim.de\/index.php\/haeufige-fragen\/","title":{"rendered":"H\u00e4ufige Fragen"},"content":{"rendered":"\n<p><strong>Was ist Judo?<\/strong><\/p>\n\n\n\n<p>Judo (sanfter Weg) ist eine japanische Kampfsportart. Der Japaner Jigoro Kano (1860 &#8211; 1938) hat aus der traditionellen Selbstverteidigungstechnik die moderne Sportart Judo entwickelt.<br>Es wurden alle gef\u00e4hrlichen Techniken (Tritte und Schl\u00e4ge) entfernt, um aus einer Kunst bis dahin vorwiegend zur Selbstverteidigung, eine ganzheitliche Lehre f\u00fcr K\u00f6rper und Geist zu machen.<br>Die verbliebenen Techniken sind haupts\u00e4chlich W\u00fcrfe, Halte- und W\u00fcrgetechniken sowie Armhebel.<\/p>\n\n\n\n<p><strong>Wann ist das beste Alter um mit Judo zu beginnen?<\/strong><\/p>\n\n\n\n<p>Kinderjudo kann bei uns ab einem Alter von 5 Jahren betrieben werden.<\/p>\n\n\n\n<p><strong>Welche k\u00f6rperlichen Voraussetzungen sind notwendig?<\/strong><\/p>\n\n\n\n<p>Judo ist in erster Linie ein Breitensport, der den ganzen K\u00f6rper beansprucht.<br>Zum Erlernen sind keine besonderen Voraussetzungen notwendig,<br>man muss daf\u00fcr nicht sportlicher sein als f\u00fcr Schwimmen, Radfahren oder Joggen.<br>Die Beweglichkeit und Koordination wird nach und nach schrittweise im Training aufgebaut.<br>Jedoch wird niemand \u00fcberfordert, denn Judo soll vor allem Spa\u00df machen.<\/p>\n\n\n\n<p><strong>Kann ich auch mit 35 Jahren oder \u00e4lter noch mit Judo anfangen?<\/strong><\/p>\n\n\n\n<p>Ja, das geht problemlos, sofern keine gesundheitlichen Gr\u00fcnde dagegen stehen.<br>Denn Judo bietet Sportlern in jedem Alter die M\u00f6glichkeit, durch vielf\u00e4ltige k\u00f6rperliche Erfahrungen fit zu bleiben.<\/p>\n\n\n\n<p><strong>Ist Judo auch f\u00fcr \u201eSch\u00fcchterne\u201c geeignet?<\/strong><\/p>\n\n\n\n<p>Judo ist besonders f\u00fcr Sch\u00fcchterne geeignet,<br>denn Judo reduziert das Gef\u00fchl ausgeliefert zu sein und st\u00e4rkt,<br>ohne dass man es bewusst wahrnimmt, automatisch das Selbstbewusstsein.<\/p>\n\n\n\n<p><strong>Gibt es auch Anf\u00e4ngerkurse f\u00fcr Kinder und Erwachsene?<\/strong><\/p>\n\n\n\n<p>Kinder, Jugendliche und Erwachsene k\u00f6nnen bei uns jederzeit einsteigen.<br>Wir bieten an, dreimal kostenlos am Training teilzunehmen.<\/p>\n\n\n\n<p><strong>Muss ich mir f\u00fcr das Probetraining schon einen Judoanzug kaufen?<\/strong><\/p>\n\n\n\n<p>F\u00fcr das Probetraining sind eine Jogginghose und ein stabiles T-Shirt ausreichend.<br>Schuhe werden nicht ben\u00f6tigt, da Judokas generell barfu\u00df trainieren.<br>Flip-Flops, Badelatschen oder Socken sind f\u00fcr den Weg zur Matte aufgrund der Hygienebestimmungen w\u00fcnschenswert.<br>Ein Judoanzug wird erst sp\u00e4ter notwendig.<\/p>\n\n\n\n<p><strong>Muss mein Kind an Wettk\u00e4mpfen teilnehmen?<\/strong><\/p>\n\n\n\n<p>Nat\u00fcrlich nicht. Judo ist auch als normaler Gesundheitssport geeignet.<br>\u00dcbrigens bis ins hohe Alter.<\/p>\n\n\n\n<p><strong>Wenn ihr mehr \u00fcber Judo erfahren wollt, dann gibt es im <a rel=\"noreferrer noopener\" href=\"https:\/\/kinder.wdr.de\/tv\/kann-es-johannes\/sportarten\/judo-uebersicht100.html\" data-type=\"URL\" data-id=\"https:\/\/kinder.wdr.de\/tv\/kann-es-johannes\/sportarten\/judo-uebersicht100.html\" target=\"_blank\">Kinderkanal (KiKa)<\/a> und auf <a href=\"https:\/\/www.kika.de\/pur\/sendungen\/sendung118332.html\" data-type=\"URL\" data-id=\"https:\/\/www.kika.de\/pur\/sendungen\/sendung118332.html\">PUR+<\/a> jeweils einen Beitrag \u00fcber Judo<\/strong>. <\/p>\n\n\n\n<p><strong>Ihre Frage wurde nicht beantwortet?<\/strong><\/p>\n\n\n\n<a href=\"mailto:judoteam1981@yahoo.de\">Schreiben Sie uns eine Nachricht<\/a>\n\n\n\n<p><\/p>\n","protected":false},"excerpt":{"rendered":"<p>Was ist Judo? Judo (sanfter Weg) ist eine japanische Kampfsportart. Der Japaner Jigoro Kano (1860 &#8211; 1938) hat aus der<\/p>\n","protected":false},"author":1,"featured_media":0,"parent":0,"menu_order":0,"comment_status":"closed","ping_status":"closed","template":"","meta":{"footnotes":""},"class_list":["post-11","page","type-page","status-publish","hentry"],"_links":{"self":[{"href":"http:\/\/judoteam-erolzheim.de\/index.php\/wp-json\/wp\/v2\/pages\/11","targetHints":{"allow":["GET"]}}],"collection":[{"href":"http:\/\/judoteam-erolzheim.de\/index.php\/wp-json\/wp\/v2\/pages"}],"about":[{"href":"http:\/\/judoteam-erolzheim.de\/index.php\/wp-json\/wp\/v2\/types\/page"}],"author":[{"embeddable":true,"href":"http:\/\/judoteam-erolzheim.de\/index.php\/wp-json\/wp\/v2\/users\/1"}],"replies":[{"embeddable":true,"href":"http:\/\/judoteam-erolzheim.de\/index.php\/wp-json\/wp\/v2\/comments?post=11"}],"version-history":[{"count":1,"href":"http:\/\/judoteam-erolzheim.de\/index.php\/wp-json\/wp\/v2\/pages\/11\/revisions"}],"predecessor-version":[{"id":12,"href":"http:\/\/judoteam-erolzheim.de\/index.php\/wp-json\/wp\/v2\/pages\/11\/revisions\/12"}],"wp:attachment":[{"href":"http:\/\/judoteam-erolzheim.de\/index.php\/wp-json\/wp\/v2\/media?parent=11"}],"curies":[{"name":"wp","href":"https:\/\/api.w.org\/{rel}","templated":true}]}}