{"id":23,"date":"2022-03-26T17:28:26","date_gmt":"2022-03-26T16:28:26","guid":{"rendered":"http:\/\/192.168.178.55\/?page_id=23"},"modified":"2022-04-15T13:51:42","modified_gmt":"2022-04-15T11:51:42","slug":"ueber-uns","status":"publish","type":"page","link":"http:\/\/judoteam-erolzheim.de\/index.php\/ueber-uns\/","title":{"rendered":"\u00dcber uns"},"content":{"rendered":"\n<p>Die Judoabteilung des <a rel=\"noreferrer noopener\" href=\"http:\/\/www.sv1922erolzheim.de\" target=\"_blank\">Sportverein Erolzheim\u00a0 e.V.<\/a> wurde im Jahr 1981 gegr\u00fcndet und seitdem entwickelte sich die Abteilung stetig weiter und wurde 1982 in den W\u00fcrttembergischen Judoverband aufgenommen.<\/p>\n\n\n\n<p>Durch intensives Training und hervorragende Jugendarbeit konnten Judokas bei zahlreichen stark besetzen Wettk\u00e4mpfen ausgezeichnete Platzierungen auf Bezirks-, S\u00fcdw\u00fcrttembergischen und W\u00fcrttembergischen Meisterschaften erk\u00e4mpfen. Auch international hat man sich einen Namen gemacht.<br><\/p>\n\n\n\n<p>Unser Ziel ist, m\u00f6glichst viele Kinder, Jugendliche und Erwachsene f\u00fcr diese Sportart zu begeistern.<br><br>Judo f\u00f6rdert Konzentration, K\u00f6rperbewusstsein und Beweglichkeit. Aufgrund der vielen verschiedenen Techniken kann das Training nach Alter und Kondition individuell angepasst.<\/p>\n","protected":false},"excerpt":{"rendered":"<p>Die Judoabteilung des Sportverein Erolzheim\u00a0 e.V. wurde im Jahr 1981 gegr\u00fcndet und seitdem entwickelte sich die Abteilung stetig weiter und<\/p>\n","protected":false},"author":1,"featured_media":0,"parent":0,"menu_order":0,"comment_status":"closed","ping_status":"closed","template":"","meta":{"footnotes":""},"class_list":["post-23","page","type-page","status-publish","hentry"],"_links":{"self":[{"href":"http:\/\/judoteam-erolzheim.de\/index.php\/wp-json\/wp\/v2\/pages\/23","targetHints":{"allow":["GET"]}}],"collection":[{"href":"http:\/\/judoteam-erolzheim.de\/index.php\/wp-json\/wp\/v2\/pages"}],"about":[{"href":"http:\/\/judoteam-erolzheim.de\/index.php\/wp-json\/wp\/v2\/types\/page"}],"author":[{"embeddable":true,"href":"http:\/\/judoteam-erolzheim.de\/index.php\/wp-json\/wp\/v2\/users\/1"}],"replies":[{"embeddable":true,"href":"http:\/\/judoteam-erolzheim.de\/index.php\/wp-json\/wp\/v2\/comments?post=23"}],"version-history":[{"count":5,"href":"http:\/\/judoteam-erolzheim.de\/index.php\/wp-json\/wp\/v2\/pages\/23\/revisions"}],"predecessor-version":[{"id":79,"href":"http:\/\/judoteam-erolzheim.de\/index.php\/wp-json\/wp\/v2\/pages\/23\/revisions\/79"}],"wp:attachment":[{"href":"http:\/\/judoteam-erolzheim.de\/index.php\/wp-json\/wp\/v2\/media?parent=23"}],"curies":[{"name":"wp","href":"https:\/\/api.w.org\/{rel}","templated":true}]}}